
{"id":12576,"date":"2023-05-08T16:28:12","date_gmt":"2023-05-08T14:28:12","guid":{"rendered":"https:\/\/qcells.me\/?page_id=12576"},"modified":"2024-04-16T21:02:33","modified_gmt":"2024-04-16T19:02:33","slug":"general-warranty-conditions","status":"publish","type":"page","link":"https:\/\/qcells.me\/?page_id=12576","title":{"rendered":"General warranty conditions"},"content":{"rendered":"\t\t<div data-elementor-type=\"wp-page\" data-elementor-id=\"12576\" class=\"elementor elementor-12576\">\n\t\t\t\t\t\t\t\t\t<section class=\"elementor-section elementor-top-section elementor-element elementor-element-08f86c9 elementor-section-boxed elementor-section-height-default elementor-section-height-default\" data-id=\"08f86c9\" data-element_type=\"section\">\n\t\t\t\t\t\t<div class=\"elementor-container elementor-column-gap-default\">\n\t\t\t\t\t<div class=\"elementor-column elementor-col-100 elementor-top-column elementor-element elementor-element-02f04dc\" data-id=\"02f04dc\" data-element_type=\"column\">\n\t\t\t<div class=\"elementor-widget-wrap elementor-element-populated\">\n\t\t\t\t\t\t\t\t<div class=\"elementor-element elementor-element-622f7a5 elementor-widget elementor-widget-heading\" data-id=\"622f7a5\" data-element_type=\"widget\" data-widget_type=\"heading.default\">\n\t\t\t\t<div class=\"elementor-widget-container\">\n\t\t\t<style>\/*! elementor - v3.12.2 - 23-04-2023 *\/\n.elementor-heading-title{padding:0;margin:0;line-height:1}.elementor-widget-heading .elementor-heading-title[class*=elementor-size-]>a{color:inherit;font-size:inherit;line-height:inherit}.elementor-widget-heading .elementor-heading-title.elementor-size-small{font-size:15px}.elementor-widget-heading .elementor-heading-title.elementor-size-medium{font-size:19px}.elementor-widget-heading .elementor-heading-title.elementor-size-large{font-size:29px}.elementor-widget-heading .elementor-heading-title.elementor-size-xl{font-size:39px}.elementor-widget-heading .elementor-heading-title.elementor-size-xxl{font-size:59px}<\/style><h2 class=\"elementor-heading-title elementor-size-default\">Terms of warranty<\/h2>\t\t<\/div>\n\t\t\t\t<\/div>\n\t\t\t\t\t<\/div>\n\t\t<\/div>\n\t\t\t\t\t\t\t<\/div>\n\t\t<\/section>\n\t\t\t\t<section class=\"elementor-section elementor-top-section elementor-element elementor-element-3587de7 elementor-section-boxed elementor-section-height-default elementor-section-height-default\" data-id=\"3587de7\" data-element_type=\"section\">\n\t\t\t\t\t\t<div class=\"elementor-container elementor-column-gap-default\">\n\t\t\t\t\t<div class=\"elementor-column elementor-col-100 elementor-top-column elementor-element elementor-element-adc201b\" data-id=\"adc201b\" data-element_type=\"column\">\n\t\t\t<div class=\"elementor-widget-wrap elementor-element-populated\">\n\t\t\t\t\t\t\t\t<div class=\"elementor-element elementor-element-ba606ec elementor-widget elementor-widget-heading\" data-id=\"ba606ec\" data-element_type=\"widget\" data-widget_type=\"heading.default\">\n\t\t\t\t<div class=\"elementor-widget-container\">\n\t\t\t<h2 class=\"elementor-heading-title elementor-size-default\">Attention: The warranty conditions can be found in the product manuals that come with each product.<a href=\"https:\/\/qcells.me\/?page_id=12557&amp;preview=true\" target=\"new\">General warranty conditions.<\/a>\n<\/h2>\t\t<\/div>\n\t\t\t\t<\/div>\n\t\t\t\t\t<\/div>\n\t\t<\/div>\n\t\t\t\t\t\t\t<\/div>\n\t\t<\/section>\n\t\t\t\t<section class=\"elementor-section elementor-top-section elementor-element elementor-element-db76cda elementor-section-boxed elementor-section-height-default elementor-section-height-default\" data-id=\"db76cda\" data-element_type=\"section\">\n\t\t\t\t\t\t<div class=\"elementor-container elementor-column-gap-default\">\n\t\t\t\t\t<div class=\"elementor-column elementor-col-100 elementor-top-column elementor-element elementor-element-ec33f54\" data-id=\"ec33f54\" data-element_type=\"column\">\n\t\t\t<div class=\"elementor-widget-wrap elementor-element-populated\">\n\t\t\t\t\t\t\t\t<div class=\"elementor-element elementor-element-800a2f5 elementor-widget elementor-widget-heading\" data-id=\"800a2f5\" data-element_type=\"widget\" data-widget_type=\"heading.default\">\n\t\t\t\t<div class=\"elementor-widget-container\">\n\t\t\t<h2 class=\"elementor-heading-title elementor-size-default\">Complaint<\/h2>\t\t<\/div>\n\t\t\t\t<\/div>\n\t\t\t\t\t<\/div>\n\t\t<\/div>\n\t\t\t\t\t\t\t<\/div>\n\t\t<\/section>\n\t\t\t\t<section class=\"elementor-section elementor-top-section elementor-element elementor-element-22ace56 elementor-section-boxed elementor-section-height-default elementor-section-height-default\" data-id=\"22ace56\" data-element_type=\"section\">\n\t\t\t\t\t\t<div class=\"elementor-container elementor-column-gap-default\">\n\t\t\t\t\t<div class=\"elementor-column elementor-col-100 elementor-top-column elementor-element elementor-element-cd00026\" data-id=\"cd00026\" data-element_type=\"column\">\n\t\t\t<div class=\"elementor-widget-wrap elementor-element-populated\">\n\t\t\t\t\t\t\t\t\t<\/div>\n\t\t<\/div>\n\t\t\t\t\t\t\t<\/div>\n\t\t<\/section>\n\t\t\t\t<section class=\"elementor-section elementor-top-section elementor-element elementor-element-57652a7 elementor-section-boxed elementor-section-height-default elementor-section-height-default\" data-id=\"57652a7\" data-element_type=\"section\">\n\t\t\t\t\t\t<div class=\"elementor-container elementor-column-gap-default\">\n\t\t\t\t\t<div class=\"elementor-column elementor-col-100 elementor-top-column elementor-element elementor-element-3481697\" data-id=\"3481697\" data-element_type=\"column\">\n\t\t\t<div class=\"elementor-widget-wrap elementor-element-populated\">\n\t\t\t\t\t\t\t\t<div class=\"elementor-element elementor-element-1ef43bf elementor-widget elementor-widget-heading\" data-id=\"1ef43bf\" data-element_type=\"widget\" data-widget_type=\"heading.default\">\n\t\t\t\t<div class=\"elementor-widget-container\">\n\t\t\t<h2 class=\"elementor-heading-title elementor-size-default\">General warranty rules<\/h2>\t\t<\/div>\n\t\t\t\t<\/div>\n\t\t\t\t\t<\/div>\n\t\t<\/div>\n\t\t\t\t\t\t\t<\/div>\n\t\t<\/section>\n\t\t\t\t<section class=\"elementor-section elementor-top-section elementor-element elementor-element-4fe243e elementor-section-boxed elementor-section-height-default elementor-section-height-default\" data-id=\"4fe243e\" data-element_type=\"section\">\n\t\t\t\t\t\t<div class=\"elementor-container elementor-column-gap-default\">\n\t\t\t\t\t<div class=\"elementor-column elementor-col-100 elementor-top-column elementor-element elementor-element-482932e\" data-id=\"482932e\" data-element_type=\"column\">\n\t\t\t<div class=\"elementor-widget-wrap elementor-element-populated\">\n\t\t\t\t\t\t\t\t<div class=\"elementor-element elementor-element-efa04bd elementor-widget elementor-widget-heading\" data-id=\"efa04bd\" data-element_type=\"widget\" data-widget_type=\"heading.default\">\n\t\t\t\t<div class=\"elementor-widget-container\">\n\t\t\t<h2 class=\"elementor-heading-title elementor-size-default\">QUANTANIUM SP\u00d3\u0141KA Z OGRANICZON\u0104 ODPOWIEDZIALNO\u015aCI\u0104, ul. Augustyna Szamarzewskiego 31\/19,&nbsp; 60-551&nbsp; POZNA\u0143,, Poland, hereinafter referred to as the Guarantor, guarantees the correct and failure-free operation of the product throughout the warranty period.<br><br>2.The warranty period is specified on the first page of the Warranty Card and is counted from the date of delivery of the product to the Buyer.<br><br>3.The territorial scope of the warranty protection covers the territory of the Republic of Poland.<br><br>4.The guarantee does not exclude, limit or suspend the rights of the Purchaser resulting from the warranty for product defects.<br><br>5.In order to take advantage of the warranty, the following should be delivered to the Guarantors service: (1) the defective product, (2) if possible - a copy of the proof of purchase (e.g. a receipt or invoice), and (3) if possible - a completed complaint form available at: qcell.me.<br><br><br>Service address:<br>QUANTANIUM<br>ul. Augustyna Szamarzewskiego 31<br>60-551 POZNA\u0143<br><br>6.The guarantor will inform the Buyer about the method of considering the warranty claim (i.e. its recognition or refusal) within 14 days of receiving the product. If the Guarantor recognizes the legitimacy of the complaint, the defect of the product will be removed by the Guarantor within 14 days from the date of informing the Buyer about the validity of the complaint. The guarantor decides on the method of removing the product defect. taking into account, if possible, the request of the Purchaser made in the complaint form. If the removal of defects due to the degree of difficulty requires a lot of work or additional activities, this period may be extended, and the Guarantor will make every effort to repair it as soon as possible.<br><br>7.If the complaint is considered justified, the Guarantor covers the costs of delivering the defective product to the Guarantors service and the costs of delivering the repaired or replaced product to the Buyer.<br><br>8.The Guarantors liability covers only defects resulting from causes inherent in the product.<br><br>9.Applies to: vehicles, motors, parts, batteries, accumulators and products containing batteries \/ accumulators. In the event of a decrease in the capacity of the battery, the basis for the warranty may be the reduction of the capacity of the battery below 80% of the nominal value.<br><br>10.The warranty does not cover the product:<br><br>- with a broken guarantee seal;<br>- damaged by external factors (damage caused by lightning, overvoltages in the LV installation and the power supply network, flooding, fire, deliberate mechanical and thermal damage, etc.);<br>- damaged as a result of improper or inconsistent with the operating instructions;<br>- damaged due to improper connection of other peripheral devices;<br>- with traces of unauthorized repairs, unauthorized modifications or design changes.<\/h2>\t\t<\/div>\n\t\t\t\t<\/div>\n\t\t\t\t\t<\/div>\n\t\t<\/div>\n\t\t\t\t\t\t\t<\/div>\n\t\t<\/section>\n\t\t\t\t\t\t\t<\/div>\n\t\t","protected":false},"excerpt":{"rendered":"<p>Terms of warranty Attention: The warranty conditions can be found in the product manuals that come with each product.General warranty conditions. Complaint General warranty rules QUANTANIUM SP\u00d3\u0141KA Z OGRANICZON\u0104 ODPOWIEDZIALNO\u015aCI\u0104, ul. Augustyna Szamarzewskiego 31\/19,&nbsp; 60-551&nbsp; POZNA\u0143,, Poland, hereinafter referred to as the Guarantor, guarantees the correct and failure-free operation of the product throughout the warranty [&hellip;]<\/p>\n","protected":false},"author":1,"featured_media":0,"parent":0,"menu_order":0,"comment_status":"closed","ping_status":"closed","template":"","meta":{"inline_featured_image":false,"footnotes":""},"class_list":["post-12576","page","type-page","status-publish","hentry"],"_links":{"self":[{"href":"https:\/\/qcells.me\/index.php?rest_route=\/wp\/v2\/pages\/12576","targetHints":{"allow":["GET"]}}],"collection":[{"href":"https:\/\/qcells.me\/index.php?rest_route=\/wp\/v2\/pages"}],"about":[{"href":"https:\/\/qcells.me\/index.php?rest_route=\/wp\/v2\/types\/page"}],"author":[{"embeddable":true,"href":"https:\/\/qcells.me\/index.php?rest_route=\/wp\/v2\/users\/1"}],"replies":[{"embeddable":true,"href":"https:\/\/qcells.me\/index.php?rest_route=%2Fwp%2Fv2%2Fcomments&post=12576"}],"version-history":[{"count":34,"href":"https:\/\/qcells.me\/index.php?rest_route=\/wp\/v2\/pages\/12576\/revisions"}],"predecessor-version":[{"id":16554,"href":"https:\/\/qcells.me\/index.php?rest_route=\/wp\/v2\/pages\/12576\/revisions\/16554"}],"wp:attachment":[{"href":"https:\/\/qcells.me\/index.php?rest_route=%2Fwp%2Fv2%2Fmedia&parent=12576"}],"curies":[{"name":"wp","href":"https:\/\/api.w.org\/{rel}","templated":true}]}}